f 34462733?
False
Is 56 a factor of 6366210?
False
Does 44 divide 11010032?
True
Does 16 divide 112379924?
False
Is 2958 a factor of 1976958594?
True
Is 4043732 a multiple of 1382?
True
Does 780 divide 53679805?
False
Does 938 divide 188577387?
False
Is 184203045 a multiple of 219?
False
Does 33 divide 32765403?
True
Is 4783396 a multiple of 2495?
False
Is 403802119 a multiple of 969?
False
Does 2489 divide 86104466?
True
Is 2167 a factor of 773285282?
True
Does 389 divide 82904458?
True
Does 67 divide 36676604?
True
Is 243184410 a multiple of 14?
True
Is 30 a factor of 92699341?
False
Does 321 divide 86284760?
False
Does 3745 divide 176138585?
True
Is 329128375 a multiple of 2561?
False
Does 983 divide 47874066?
True
Is 391 a factor of 64121654?
True
Is 43025304 a multiple of 42?
True
Is 600 a factor of 216767526?
False
Is 82 a factor of 165137256?
False
Does 455 divide 62325757?
False
Is 1819521968 a multiple of 11306?
False
Is 15 a factor of 373675385?
False
Is 615 a factor of 2565506?
False
Does 53 divide 25557822?
False
Is 35413948 a multiple of 38?
True
Is 509412957 a multiple of 25?
False
Does 720 divide 48028320?
True
Is 20 a factor of 2449954940?
True
Does 68 divide 298639544?
True
Is 24 a factor of 1032820705?
False
Is 524 a factor of 17952240?
True
Is 13 a factor of 606873?
False
Is 12935730 a multiple of 7?
False
Does 6 divide 100269?
False
Is 703825174 a multiple of 26?
True
Is 41 a factor of 29768050?
True
Does 99 divide 9675484?
False
Is 13 a factor of 17333667?
True
Is 469 a factor of 1174092617?
False
Does 9 divide 3979908?
True
Is 927 a factor of 180461871?
True
Is 1341356528 a multiple of 4036?
True
Does 2 divide 526264706?
True
Does 10 divide 155146386?
False
Is 466339930 a multiple of 17?
False
Does 3821 divide 136680991?
True
Is 177 a factor of 13219422?
True
Is 11 a factor of 24489039?
False
Does 51 divide 3492767?
False
Is 64 a factor of 219614848?
True
Does 200 divide 23950200?
True
Does 30 divide 1185872516?
False
Is 8495 a factor of 714123680?
True
Is 4936770 a multiple of 17?
False
Does 3594 divide 466082379?
False
Is 217733264 a multiple of 28?
True
Does 4 divide 580438428?
True
Does 323 divide 71051497?
False
Is 2202226280 a multiple of 5531?
False
Does 2808 divide 1505357568?
True
Is 184 a factor of 227449576?
True
Does 324 divide 478749159?
False
Is 11412999 a multiple of 55?
False
Is 16 a factor of 13871015?
False
Is 46 a factor of 449676910?
True
Does 17 divide 145115207?
False
Is 358422951 a multiple of 47?
False
Is 107756376 a multiple of 273?
True
Is 25 a factor of 1706609312?
False
Is 67 a factor of 99790805?
True
Is 66 a factor of 51218145?
False
Does 5388 divide 68166373?
False
Does 256 divide 28757248?
True
Does 124 divide 7971439?
False
Does 11 divide 174883053?
False
Is 266 a factor of 19041876?
True
Is 156007680 a multiple of 72?
False
Does 1118 divide 341669744?
True
Is 153572412 a multiple of 296?
False
Is 277 a factor of 2895374355?
True
Is 122 a factor of 736623312?
True
Is 284 a factor of 13020978?
False
Is 1615 a factor of 33882589?
False
Does 1760 divide 46801920?
True
Does 17 divide 23524736?
True
Is 920 a factor of 134258360?
True
Does 25 divide 62844000?
True
Does 22 divide 13475907?
False
Is 236 a factor of 281696916?
True
Does 10 divide 288895328?
False
Is 2800 a factor of 223652800?
True
Is 13 a factor of 669278844?
True
Is 16 a factor of 935146894?
False
Is 3 a factor of 1620557?
False
Does 140 divide 311595060?
True
Is 57 a factor of 40196679?
False
Does 1491 divide 299146512?
False
Is 2020 a factor of 7291768?
False
Does 929 divide 432206102?
True
Is 3148007 a multiple of 26?
False
Is 152837454 a multiple of 12?
False
Is 758 a factor of 500430084?
True
Does 1408 divide 53480064?
True
Is 248 a factor of 44540800?
True
Is 1101 a factor of 34348998?
True
Is 3425 a factor of 3229206450?
True
Is 135424129 a multiple of 4857?
False
Does 169 divide 115961209?
True
Does 17 divide 76383583?
False
Is 61433209 a multiple of 24?
False
Does 215 divide 304183884?
False
Is 237 a factor of 16599150?
False
Is 4234506588 a multiple of 206?
False
Is 64084959 a multiple of 3879?
True
Is 386473227 a multiple of 203?
True
Does 535 divide 33228652?
False
Does 50 divide 9489045?
False
Is 531618152 a multiple of 68?
True
Is 58 a factor of 626409574?
False
Does 212 divide 1793209?
False
Is 18757339 a multiple of 142?
False
Is 65818894 a multiple of 19?
False
Does 837 divide 1773976302?
True
Is 158498957 a multiple of 22?
False
Is 78 a factor of 215943511?
False
Does 8 divide 568416398?
False
Is 1711591360 a multiple of 59?
False
Is 5263226 a multiple of 21?
False
Is 38267551 a multiple of 5?
False
Is 245588717 a multiple of 1105?
False
Does 1106 divide 90942601?
False
Does 17 divide 5162067?
True
Does 569 divide 961308062?
False
Is 56 a factor of 19937311?
False
Is 188388336 a multiple of 16?
True
Is 24 a factor of 1985088?
True
Is 121 a factor of 56840960?
True
Is 14516385 a multiple of 1131?
True
Is 4073928796 a multiple of 7301?
True
Is 2375 a factor of 45203375?
True
Is 82170217 a multiple of 71?
True
Is 663 a factor of 262996851?
True
Does 493 divide 91868578?
True
Is 12365284 a multiple of 1473?
False
Is 710800816 a multiple of 11?
True
Is 894 a factor of 496496239?
False
Is 105791685 a multiple of 41?
True
Does 204 divide 74174196?
True
Is 3411352480 a multiple of 1130?
True
Does 12 divide 115634652?
True
Does 574 divide 168617092?
True
Is 191310968 a multiple of 666?
False
Does 39 divide 588675975?
False
Is 70473252 a multiple of 53?
True
Is 23638831 a multiple of 7?
False
Is 2827775992 a multiple of 53?
True
Is 417 a factor of 536855993?
False
Does 1769 divide 486517456?
True
Is 38 a factor of 1404122686?
True
Is 93816970 a multiple of 65?
True
Is 149138128 a multiple of 1646?
False
Does 23 divide 48319021?
True
Does 65 divide 316288279?
False
Is 846 a factor of 75168792?
True
Does 26 divide 778253762?
True
Is 4 a factor of 2092906452?
True
Is 16 a factor of 5430089168?
True
Is 54 a factor of 28077379?
False
Is 112 a factor of 20154400?
True
Does 3493 divide 1697008246?
False
Does 14 divide 167309520?
True
Is 2662 a factor of 958154762?
False
Is 51 a factor of 61393712?
False
Is 37614624 a multiple of 87?
True
Is 1716808 a multiple of 67?
True
Is 238718748 a multiple of 69?
True
Is 144 a factor of 3546881208?
False
Is 171 a factor of 238932160?
False
Is 5 a factor of 69809900?
True
Is 845495380 a multiple of 36?
False
Is 1798825636 a multiple of 67?
False
Is 37 a factor of 7596349?
False
Does 599 divide 69256979?
True
Is 343632300 a multiple of 11?
True
Is 21468480 a multiple of 2280?
True
Does 21 divide 4666794?
False
Does 1470 divide 18092760?
True
Is 34242112 a multiple of 675?
False
Does 84 divide 75037536?
True
Does 584 divide 352021184?
True
Does 39 divide 12277264?
False
Is 213109398 a multiple of 39?
False
Is 1771 a factor of 61079894?
False
Is 79180965 a multiple of 2988?
False
Is 85294217 a multiple of 8?
False
Does 54 divide 430744551?
False
Is 45735130 a multiple of 98?
True
Does 5 divide 12302435?
True
Does 272 divide 27529454?
False
Does 1771 divide 63736034?
False
Is 44868810 a multiple of 210?
True
Is 55555024 a multiple of 16?
True
Is 38 a factor of 71331703?
False
Is 28 a factor of 15438864?
True
Is 82750228 a multiple of 2?
True
Is 13866995 a multiple of 18?
False
Is 6 a factor of 17169858?
True
Is 54168601 a multiple of 3452?
False
Is 630881016 a multiple of 97?
True
Is 52017509 a multiple of 39?
False
Is 500648480 a multiple of 608?
True
Is 106 a factor of 1564657147?
False
Is 125218 a multiple of 103?
False
Is 2 a factor of 378403044?
True
Does 1039 divide 95669433?
False
Is 8 a factor of 909868614?
False
Is 21 a factor of 44030847?
True
Does 93 divide 578057868?
True
Is 100 a factor of 4441529?
False
Is 938710648 a multiple of 1757?
False
Does 19 divide 534721722?
False
Is 201 a factor of 97243268?
False
Does 4090 divide 2787719460?
True
Is 3 a factor of 163782?
True
Does 1719 divide 187023762?
True
Does 272 divide 43816248?
False
Is 15370956 a multiple of 10?
False
Does 66 divide 23162290?
False
Is 963007597 a multiple of 1876?
False
Does 1304 divide 2326336?
True
Is 419084274 a multiple of 6771?
True
Is 3 a factor of 4366782?
True
Is 99 a factor of 138018674?
False
Does 1